4.
4
What is the highest common divisor of 117130 and 3482365?
4505
What is the highest common factor of 312 and 26116476?
12
What is the highest common factor of 60688407 and 9633?
507
What is the highest common factor of 300642 and 4823784?
3378
What is the highest common divisor of 32023 and 23126?
31
What is the highest common divisor of 146 and 37942188?
146
What is the greatest common divisor of 4248 and 14628696?
1416
What is the greatest common factor of 76 and 2430613?
19
Calculate the greatest common factor of 84084 and 1432860.
1716
What is the highest common divisor of 47751 and 42174?
33
What is the highest common divisor of 49380 and 30460?
20
What is the highest common divisor of 10502 and 3212?
2
Calculate the highest common divisor of 77340021 and 102.
51
What is the highest common divisor of 1640 and 20685935?
205
Calculate the highest common factor of 61069312 and 256.
256
What is the highest common factor of 625279389 and 21?
21
Calculate the greatest common factor of 14 and 560577262.
14
What is the highest common factor of 92630 and 7896560?
590
What is the highest common factor of 4137 and 64431017?
1379
Calculate the highest common divisor of 42884 and 10811600.
604
Calculate the highest common divisor of 10 and 486834240.
10
What is the greatest common divisor of 36 and 329360964?
12
Calculate the highest common factor of 12187931 and 7672.
959
What is the greatest common factor of 217920 and 8160?
480
Calculate the greatest common divisor of 10098 and 7635006.
918
Calculate the highest common factor of 46363573 and 1598.
799
What is the greatest common factor of 66171 and 763?
7
What is the greatest common divisor of 19935 and 767719?
443
Calculate the highest common divisor of 5535032 and 374810.
2026
Calculate the highest common factor of 2457 and 1823549.
91
Calculate the highest common factor of 203692363 and 3962.
1981
Calculate the highest common divisor of 1645 and 2070115.
235
Calculate the highest common divisor of 2364714 and 98198.
2654
Calculate the greatest common divisor of 8195 and 1308965.
745
Calculate the greatest common factor of 8910617 and 1.
1
What is the greatest common divisor of 337 and 144086035?
337
Calculate the greatest common factor of 202 and 5120877154.
202
Calculate the greatest common divisor of 41895 and 25927875.
855
What is the highest common factor of 304678 and 24?
2
What is the greatest common factor of 112576 and 664?
8
What is the highest common divisor of 2035656 and 823788?
1764
Calculate the greatest common divisor of 167169484 and 5528.
2764
What is the highest common divisor of 312 and 4846056?
24
What is the greatest common divisor of 88276124 and 27196?
2092
Calculate the highest common divisor of 381 and 79797.
3
What is the greatest common divisor of 581454135 and 9?
9
Calculate the highest common factor of 360 and 20894920.
40
Calculate the greatest common divisor of 607052545 and 7876.
1969
What is the highest common divisor of 988 and 63915924?
76
Calculate the greatest common divisor of 5892 and 97310308.
1964
Calculate the highest common divisor of 34628594 and 2824.
706
Calculate the greatest common divisor of 19007294 and 716.
358
What is the highest common factor of 7430178 and 179151?
399
Calculate the highest common factor of 10816 and 1809344.
64
What is the greatest common factor of 51 and 185021659?
17
What is the highest common factor of 4459920 and 696?
24
Calculate the highest common factor of 2008 and 1360848.
8
What is the highest common divisor of 1149 and 11707?
1
What is the highest common divisor of 11177073 and 114?
57
Calculate the highest common divisor of 164905344 and 2064.
2064
What is the highest common divisor of 753320 and 1130?
10
What is the highest common divisor of 221801 and 493564?
757
Calculate the greatest common factor of 23661463 and 12617.
1147
What is the greatest common divisor of 94 and 186537642?
94
What is the highest common divisor of 32977 and 21503023?
673
What is the highest common factor of 136888 and 9088?
568
Calculate the highest common factor of 731 and 1567651.
43
Calculate the highest common factor of 4158 and 5436882.
594
Calculate the highest common divisor of 11905 and 380.
5
Calculate the greatest common factor of 177 and 2964964701.
177
Calculate the greatest common factor of 7603605 and 38505.
2265
What is the highest common divisor of 15906 and 55704?
66
Calculate the highest common factor of 402350431 and 8104.
1013
Calculate the greatest common factor of 5805 and 80353971.
1161
What is the highest common divisor of 292 and 4047923?
73
Calculate the greatest common divisor of 31472 and 536294120.
2248
What is the greatest common factor of 202974 and 3642?
6
Calculate the highest common divisor of 1618 and 264026858.
1618
Calculate the greatest common divisor of 1102 and 1305812.
58
What is the greatest common divisor of 2 and 918602?
2
What is the greatest common factor of 1017027 and 297?
99
What is the highest common factor of 432 and 8657280?
432
What is the greatest common divisor of 12072463 and 832?
13
What is the highest common factor of 232 and 3957659?
29
What is the highest common factor of 969 and 132726837?
969
Calculate the highest common factor of 136576 and 17536.
128
What is the greatest common factor of 13410 and 1609020?
90
Calculate the highest common divisor of 713816662 and 76.
38
Calculate the greatest common divisor of 20817 and 15988227.
771
Calculate the highest common factor of 240883424 and 32.
32
Calculate the greatest common factor of 62 and 29294721.
31
What is the highest common factor of 17920 and 639488?
512
What is the highest common factor of 1336 and 209494653?
167
What is the highest common factor of 25474311 and 2719?
2719
Calculate the greatest common divisor of 19773 and 155142.
1521
Calculate the highest common divisor of 492646 and 9898.
98
Calculate the highest common divisor of 652420872 and 108.
108
What is the greatest common divisor of 70359140 and 20?
20
What is the highest common divisor of 592 and 1669403?
37
Calculate the highest common factor of 50 and 148359200.
50
Calculate the greatest common factor of 26 and 4435498.
2
Calculate the highest common divisor of 81721 and 8260727.
1151
Calculate the greatest common factor of 9438 and 72438223.
1573
Calculate the highest common factor of 2638910 and 101802.
722
What is the highest common factor of 225467 and 21691?
199
What is the highest common factor of 59900 and 20525933?
599
Calculate the highest common divisor of 8 and 402314908.
4
Calculate the greatest common factor of 18819 and 3402754.
697
What is the highest common divisor of 15566 and 88690?
362
Calculate the greatest common factor of 3100 and 10186900.
100
What is the highest common divisor of 56747948 and 212?
212
Calculate the greatest common factor of 6647691 and 11487.
1641
What is the greatest common divisor of 21697091 and 3579?
1193
What is the highest common factor of 81125 and 2605?
5
What is the greatest common divisor of 56250389 and 6461?
923
Calculate the greatest common divisor of 59640 and 8973832.
3976
What is the greatest common divisor of 672 and 110430?
6
What is the highest common divisor of 2082294 and 384?
6
What is the highest common factor of 173426 and 3894?
22
What is the greatest common divisor of 7194413 and 251?
251
Calculate the highest common divisor of 6020 and 82501090.
3010
What is the highest common factor of 240544 and 864?
32
Calculate the greatest common divisor of 15036 and 33331053.
3759
What is the greatest common divisor of 22 and 45752949?
11
Calculate the highest common divisor of 1301329 and 361.
19
Calculate the greatest common divisor of 73111 and 110401.
113
What is the greatest common factor of 2305880 and 1904?
136
What is the highest common factor of 68589616 and 48?
16
Calculate the greatest common factor of 17520 and 1226035.
365
What is the highest common factor of 2073607 and 6?
1
What is the greatest common factor of 1584 and 2411568?
144
What is the greatest common factor of 234924553 and 69?
23
What is the highest common factor of 8113223 and 5633?
131
Calculate the greatest common factor of 197529696 and 8064.
2016
Calculate the highest common factor of 245311 and 9889.
319
Calc